e 77 = 5*h + 4*l, 4*l + 72 = 4*h + 2*l. What is the units digit of h?
7
Let v = 6 + -2. Suppose 3*n - t = 13, -4*n + 9*t - 14*t + 30 = 0. Suppose 2*s + v*d = 5 + 9, n*s - 4*d - 35 = 0. What is the units digit of s?
7
Let j = -10 + 29. What is the tens digit of j?
1
Let j(z) = z**3 - 8*z**2 + 8*z - 2. Let r be j(7). Let d = r + -1. Suppose -6*t + 24 = -2*t + 4*h, -4*h + d = 0. What is the units digit of t?
5
Suppose 3*q = 5*j - 3, q + j = -0*q + 7. Let v = q - 3. What is the units digit of v?
1
What is the units digit of (66*1)/((-21)/(-28))?
8
Suppose -3*k = 2*k + 5. Let z(h) = -7*h**3 - h**3 + 3*h**3 - h. What is the units digit of z(k)?
6
What is the units digit of (-8 - 29)/(2/(-4))?
4
Suppose 2*r = r - 18. Let c be (-13)/(-3) - 12/r. Suppose c*b + 0*b = 40. What is the units digit of b?
8
What is the tens digit of ((-360)/(-42))/(2/14)?
6
Let f = -53 - -104. Suppose 2*a = -5*j + f, -2*j + 3*a + 30 = -a. What is the units digit of j?
1
Suppose r = -2*r - 5*j + 6, 0 = j. Let h be r + -2 - (-5 + 2). What is the units digit of (20/h)/5*6?
8
Suppose 2*q - 3*b = 20 + 75, -20 = 4*b. What is the tens digit of q?
4
What is the units digit of ((-2)/(-6))/(5/465)?
1
Suppose -3*r + 0 + 24 = 0. Suppose 4*z - u - 22 = 0, -3*u + r*u + 30 = 4*z. Let o = 6 - z. What is the units digit of o?
1
Suppose -93 = 5*d - 8*d. What is the units digit of d?
1
Let j = 13 - 8. Suppose 0 = j*s - 102 + 17. What is the tens digit of s?
1
Suppose -z - 24 = -5*z. Let q(c) = 2*c**2 - 7*c - 5. Let b be q(z). Suppose -4*g = -3*p - 68, 2*g - p - b = 7. What is the tens digit of g?
1
Suppose -2*w - 2 = 0, -s - 5*w + 330 = 4*s. Suppose s = 4*v + 19. What is the tens digit of v?
1
Let i be 2/2*-1 + 2. What is the tens digit of (2 + i)/(-1) - -19?
1
Let g(p) = 11*p**2 + 11*p - 29. What is the units digit of g(5)?
1
Suppose 3*x + 3*s - 126 = 0, -3*s - 2*s - 48 = -x. What is the units digit of x?
3
Let f(p) = -5*p - 3. Let y be f(-3). Suppose 3*g = -g + y. Suppose 8 = -4*n - v + 5*v, -n - g*v + 18 = 0. What is the units digit of n?
3
Let c be ((-4)/10)/(10/(-50)). Suppose -20 = -4*f, 0*x = c*x - 5*f - 19. What is the units digit of x?
2
Let z = -11 + 13. What is the units digit of z?
2
Let s(u) = 58*u - 1. What is the units digit of s(1)?
7
Let j(y) = -y - 11. Let q be j(-13). What is the units digit of (-7)/q*(-14 - -10)?
4
Let k = -101 + 324. What is the hundreds digit of k?
2
Let y = -14 + 3. Let s = y - -12. What is the units digit of s?
1
Suppose 3*q - 2*x - 2 = 12, -4*q + 2*x = -22. Let h = q + -6. What is the units digit of h?
2
Suppose 7 = d + 3, -4*d - 4 = -5*y. Let c = y - 9. Let g = -1 - c. What is the units digit of g?
4
Let h = 11 - 9. What is the tens digit of h*(-2)/4 - -35?
3
Suppose 7*n = 8*n - 102. What is the tens digit of n?
0
Suppose 2*l + 20 = 7*l. Let p(v) = -v**3 - 11*v**2 - 3*v + 2. Let x be p(-11). Suppose -l*s = -5 - x. What is the units digit of s?
0
Let u(l) = l**3 + 6*l**2 - 9*l + 1. What is the units digit of u(4)?
5
Let t be 3/(-4) - (-152)/32. Suppose -t = 2*a - 4*a. Suppose a*n = -4*d - 2*n + 32, d = 3*n. What is the units digit of d?
6
Let d = 21 - 21. Suppose 4*q - m = 122, m - 28 = -q - d*m. What is the units digit of q?
0
Let b(v) = -v**2 - v. Let o be b(-5). What is the tens digit of ((-16)/(-5))/((-4)/o)?
1
Suppose 2*a - 9 = 15. Let t = 25 - a. What is the units digit of t?
3
Let m be (-110)/(-3) + 3/9. Let c = 81 - m. What is the units digit of c?
4
Let a(o) = 45*o**2 + 7*o. Let l(g) = 22*g**2 + 4*g. Let j(n) = 4*a(n) - 7*l(n). What is the tens digit of j(1)?
2
Let s(t) = 15*t - 2. Let p(i) = 8*i - 1. Let q(r) = 11*p(r) - 6*s(r). What is the units digit of q(-6)?
3
Suppose 0 = 7*d - 2*d - x - 155, -x = d - 31. What is the tens digit of d?
3
Let x = -8 + 9. Suppose z - 7 = -x. What is the units digit of z?
6
Suppose 0 = i + 3, 2*p - 5*p + 36 = -4*i. Let w(b) = b**3 + 6*b**2. Let x be w(-6). Suppose 2*h + 6*q = 2*q + p, x = -2*q. What is the units digit of h?
4
Let p(j) = -j**2 - 4*j + 1. Let w be p(-4). What is the units digit of 3/w*(2 + 8)?
0
Let q(a) = a**2 + 4*a + 4. Let d be q(-3). Suppose -2*r = 1 + 3. What is the tens digit of d - 0 - 20/r?
1
Let x(q) = 39*q**3 - 5*q**2 + 4*q - 3. What is the units digit of x(2)?
7
Suppose -w + 20 = 4*w. What is the units digit of ((-18)/w)/(1/(-2))?
9
Let w(i) = 3*i**3 + i**2 - 1. Let z be w(-2). Let x = -10 - z. What is the tens digit of x?
1
Let u = 16 + -11. Suppose 9*q - u*q = 36. What is the units digit of q?
9
Suppose g + 173 = 5*x, 3*x = -5*g + 52 + 63. What is the units digit of x?
5
Suppose -4*g + 5*z + 439 = 0, -z - z = -4*g + 430. What is the units digit of g?
6
Let o = -49 + 211. What is the tens digit of o?
6
Let b = 37 - -63. What is the hundreds digit of b?
1
Let s(o) = -o - 6. Let c be s(-6). Suppose c = 5*v - v - 32. What is the units digit of 36/v*8/6?
6
Suppose 37 + 47 = 4*j + 3*g, -4*g + 105 = 5*j. What is the tens digit of j?
2
Let v be (42/4)/(4/8). Let h = v - 3. What is the tens digit of h?
1
Let z(r) = -6*r + 5 - 6 + 2. What is the units digit of z(-1)?
7
Let x(o) = -o - 3. Let u be x(-5). Suppose q = 3*s + 59, 4*s - 329 = -5*q + u*s. Suppose 4*f = 20, -4*y - y = f - q. What is the units digit of y?
2
Let c be (3/2)/(6/(-232)). Let m = -38 - c. What is the tens digit of m?
2
Let s(q) = -q**2 + 6*q + 1. Let p(z) = 5*z + 1. Let a be p(1). Suppose 3*y - a = 2*y. What is the units digit of s(y)?
1
Suppose -160 = -3*y + 4*j, -2*j = y + j - 36. What is the tens digit of y?
4
Let r be 5/(5/2) - -4. Let l(a) = a**3 - 5*a**2 - 4*a - 8. Let z be l(r). Suppose -14 = -2*b + y + 9, -4*y = z. What is the tens digit of b?
1
Suppose 6*t + 16 = 2*t. Suppose -3*c + 28 = 10. Let q = c + t. What is the units digit of q?
2
Suppose -x + 38 = 2*z, 0 = 2*x - 3*z - 24 - 31. What is the units digit of x?
2
Let q = -41 + 317. What is the units digit of q?
6
What is the units digit of 109 - (-3)/(-3) - 0/(-2)?
8
Let k = -30 + 51. What is the tens digit of k?
2
Let k = -9 - -11. Suppose -4*c - k*t + 2 = -34, 5*c - 2*t = 36. What is the units digit of c?
8
Let z be (-4)/24 + 13/6. What is the units digit of 5/3*3*z?
0
Let b(r) be the first derivative of -13*r**2/2 + 3*r + 4. What is the tens digit of b(-2)?
2
Suppose -5*g = -2 - 128. What is the tens digit of g?
2
Suppose -4*d = 3*f - 15, -4 - 2 = -d - 3*f. What is the units digit of d?
3
Let n be 3*(22/6 + -2). Let a = n + -3. Suppose a*q = -5*l + 36, -2*l + 5*q = l - 3. What is the units digit of l?
6
Let d be (1 - -2)/1 + -1. Suppose 0*n = -d*n + 54. Suppose 2*a - n = -a. What is the units digit of a?
9
Let c(b) = -3*b - 2*b - 1 + 8*b. Let t be c(-1). Let v = t - -5. What is the units digit of v?
1
Let s(i) = i**3 + i + 16. Let b be (0 - 0)/2*1. Let k be s(b). Suppose -26 = -3*u + k. What is the units digit of u?
4
Let x be -6*(16/6 - 3). Suppose x*n + 5 = 19. What is the units digit of n?
7
Suppose 4*n - u - 1351 = 0, -7*u = n - 4*u - 354. What is the hundreds digit of n?
3
Let q(h) = -h**2 + 9*h + 12. Let g = -17 - -27. What is the units digit of q(g)?
2
Let o be (0 - 0)/(5/(-5)). Suppose -2*c + 3*c + 2*z = 28, 4*c + 5*z - 118 = o. What is the units digit of c?
2
Let p(u) = -12*u + 2. Let l be p(-2). Suppose 0 = -4*x + 38 + l. What is the tens digit of x?
1
What is the hundreds digit of 1 - (4 + -3 - 3) - -140?
1
Suppose -8*p - 38 = -10*p. Let c(f) = -f + 9. Let u be c(0). Let m = p - u. What is the units digit of m?
0
Let n(o) be the third derivative of o**5/120 + o**4/12 - o**3/6 + 2*o**2. Let r(u) be the first derivative of n(u). What is the units digit of r(2)?
4
Let b be (-2*18 - 1)/(-1). Suppose 20 = 3*k - b. What is the units digit of k?
9
Let k(f) = -f**2 + f + 3. Let b be k(0). Suppose h - 5 = -2*q, 3*h + 42 - 12 = b*q. What is the units digit of (h + 2)/((-3)/2)?
2
Suppose 0 = -2*c - 2*q + 4*q - 30, 0 = 4*q - 20. Let u = c - -22. Suppose -5*l - 36 = -3*d, l + u = 3*d + 4*l. What is the units digit of d?
7
Let j = 10 - 7. Suppose -3*t - 4 = -2*z, -3*z = -4*t - j - 4. Suppose 0*m + 2*m = 2*b + 16, -z*m - 2*b + 12 = 0. What is the units digit of m?
4
Suppose 2*d + 274 = 4*d - 4*l, -3*d + 4*l + 407 = 0. What is the hundreds digit of d?
1
Let m be 15/(-10) + (-15)/(-2). Suppose 0 = -3*g + m*g - 36. What is the units digit of g?
2
Let l(q) be t